s 2b0 (base 15) in base 8?
1147
What is af50 (base 16) in base 9?
67506
What is -11120 (base 8) in base 14?
-19cc
-41023 (base 6) to base 16
-1527
What is -110404 (base 5) in base 15?
-121e
Convert -3531 (base 15) to base 3.
-120111101
12412 (base 6) to base 11
145a
What is 100201101 (base 3) in base 10?
7084
What is 11101001 (base 2) in base 9?
278
What is -7c1 (base 13) in base 7?
-3623
What is -47c9 (base 13) in base 12?
-5a48
53221 (base 8) to base 15
6876
24430 (base 5) to base 4
131021
-523 (base 11) to base 15
-2c0
Convert -1132130 (base 4) to base 11.
-45a5
-534 (base 9) to base 2
-110110100
Convert 2012 (base 3) to base 14.
43
Convert -155d (base 15) to base 10.
-4588
What is 460 (base 9) in base 8?
572
574 (base 8) to base 14
1d2
-2473 (base 15) to base 13
-36ba
What is 100102 (base 3) in base 5?
2004
Convert 68 (base 9) to base 12.
52
What is -2f8 (base 16) in base 13?
-466
3222 (base 4) to base 9
280
-567 (base 13) to base 6
-4150
Convert -1011100000000 (base 2) to base 3.
-22002002
What is -1338 (base 15) in base 10?
-4103
What is -1112212 (base 3) in base 16?
-46a
-213524 (base 6) to base 10
-17692
Convert -314 (base 6) to base 7.
-226
Convert 7b8 (base 14) to base 13.
910
Convert -1044a (base 11) to base 2.
-11101101001011
Convert -96d (base 14) to base 3.
-2112221
1724 (base 11) to base 13
1007
-55512 (base 6) to base 3
-101121222
692 (base 13) to base 9
1488
-1425 (base 6) to base 16
-179
-22223 (base 4) to base 13
-407
What is -3b22 (base 13) in base 14?
-3138
67 (base 11) to base 2
1001001
-17220 (base 12) to base 15
-9c49
-131203 (base 4) to base 6
-12431
What is d71 (base 14) in base 10?
2647
-111100100000110 (base 2) to base 3
-1120111111
What is -7 (base 15) in base 6?
-11
11881 (base 10) to base 11
8a21
101130131 (base 4) to base 16
1171d
What is 20223 (base 6) in base 13?
12b1
Convert -2801 (base 10) to base 7.
-11111
What is 10622 (base 8) in base 9?
6147
-1464 (base 8) to base 14
-428
What is ad (base 14) in base 8?
231
What is 22c76 (base 13) in base 11?
438a6
What is 21a16 (base 12) in base 13?
17433
-bb4e (base 15) to base 3
-2000102102
-277 (base 8) to base 2
-10111111
What is -13617 (base 12) in base 5?
-1324203
What is a23 (base 13) in base 8?
3267
What is 4037 (base 8) in base 16?
81f
What is -5bb1 (base 15) in base 4?
-10300330
What is 333233 (base 6) in base 13?
c957
What is -1102002 (base 4) in base 12?
-3056
3552 (base 9) to base 2
101001001111
Convert -100 (base 13) to base 8.
-251
736 (base 16) to base 11
1429
-5779 (base 13) to base 8
-27754
What is 10112010 (base 3) in base 2?
101000001000
Convert 30144 (base 5) to base 6.
12524
11111001101 (base 2) to base 10
1997
What is -10515 (base 6) in base 9?
-2032
What is -10202201 (base 3) in base 10?
-2746
-136414 (base 7) to base 12
-13257
What is -54301 (base 7) in base 8?
-32325
What is 19 (base 16) in base 5?
100
Convert -128c (base 14) to base 16.
-cbc
What is -25ce (base 15) in base 5?
-224234
What is 108 (base 9) in base 4?
1121
Convert -206 (base 12) to base 6.
-1210
-333 (base 9) to base 10
-273
What is 186 (base 14) in base 12?
222
-670 (base 16) to base 15
-74d
2093 (base 16) to base 15
270e
What is 10621 (base 8) in base 2?
1000110010001
Convert 11400 (base 5) to base 3.
1011111
What is -a9b (base 12) in base 4?
-120113
Convert 10102012 (base 3) to base 6.
15305
-58 (base 11) to base 5
-223
What is -1112 (base 3) in base 8?
-51
-11220 (base 4) to base 10
-360
What is 212 (base 6) in base 15?
55
Convert 1113202 (base 4) to base 5.
134402
10101111 (base 2) to base 12
127
Convert 1e70 (base 15) to base 13.
3030
1332 (base 4) to base 11
105
-2212101 (base 3) to base 6
-13401
1317 (base 8) to base 10
719
Convert -16444 (base 12) to base 11.
-21928
What is -5251 (base 11) in base 3?
-100112112
30733 (base 9) to base 10
20280
Convert 20476 (base 9) to base 10.
13515
688 (base 14) to base 10
1296
Convert d92b (base 14) to base 3.
1220101222
-11203 (base 7) to base 13
-13ab
46451 (base 9) to base 11
21311
What is -3b2 (base 13) in base 6?
-3004
What is 26160 (base 7) in base 2?
1101100100111
Convert -11100000000001 (base 2) to base 7.
-56541
4614 (base 7) to base 16
68d
What is 555 (base 7) in base 13?
18c
8615 (base 13) to base 5
1043413
Convert 1455a (base 12) to base 13.
cc37
Convert 1317 (base 12) to base 10.
2179
-474 (base 10) to base 13
-2a6
What is -4d2 (base 16) in base 8?
-2322
What is 511 (base 13) in base 7?
2335
Convert 1031203 (base 4) to base 8.
11543
Convert -2b18 (base 16) to base 4.
-2230120
-46b4 (base 13) to base 11
-7525
What is 11226 (base 7) in base 5?
42422
121002 (base 5) to base 14
18d8
Convert 2046 (base 11) to base 10.
2712
11211 (base 10) to base 4
2233023
What is 1000211 (base 4) in base 10?
4133
Convert -1434011 (base 5) to base 16.
-772a
-103032232 (base 4) to base 6
-1404354
-31a (base 14) to base 13
-381
Convert 10010011011111 (base 2) to base 12.
5567
Convert 7979 (base 10) to base 11.
5aa4
Convert -813a (base 13) to base 4.
-10112002
Convert -10aa (base 11) to base 12.
-a0b
What is -2202 (base 4) in base 6?
-430
Convert -2250 (base 9) to base 8.
-3201
2dd7 (base 14) to base 4
2000201
Convert 231 (base 5) to base 2.
1000010
4101 (base 6) to base 5
12101
What is 1574 (base 8) in base 7?
2413
What is 102221 (base 3) in base 11?
273
Convert -2e97 (base 15) to base 8.
-23472
9a33 (base 15) to base 8
77641
What is -1410 (base 13) in base 4?
-231012
-22041 (base 6) to base 5
-44144
What is -12230111 (base 4) in base 15?
-81c8
66c (base 16) to base 5
23034
-1033 (base 16) to base 7
-15043
What is 11200 (base 4) in base 9?
431
Convert 22110 (base 4) to base 13.
3ba
Convert 14003 (base 6) to base 4.
201303
-46584 (base 9) to base 5
-1443344
-6a8 (base 15) to base 2
-10111100100
Convert 834 (base 13) to base 10.
1395
169 (base 12) to base 6
1013
What is -2357 (base 10) in base 9?
-3208
What is 14150 (base 6) in base 8?
4262
Convert -22b7 (base 12) to base 4.
-330223
What is -53d5 (base 14) in base 7?
-60155
What is 1001011010100 (base 2) in base 14?
1a84
What is 2788 (base 13) in base 3?
21210201
Convert -8701 (base 9) to base 2.
-1100100000000
Convert 1003 (base 6) to base 14.
119
-102002101 (base 3) to base 4
-1332103
Convert -9b39 (base 12) to base 14.
-6393
What is 14340 (base 5) in base 4?
103010
3d43 (base 15) to base 3
122222200
What is e55 (base 15) in base 3?
11102122
Convert -339 (base 12) to base 7.
-1251
What is 47a70 (base 11) in base 7?
405441
-7b (base 12) to base 14
-6b
9a5 (base 15) to base 2
100010000100
What is 394 (base 11) in base 2?
111010010
Convert 10a8b (base 12) to base 5.
1203113
What is -101101 (base 4) in base 9?
-1457
Convert -125 (base 11) to base 7.
-301
884d (base 14) to base 16
5c25
What is -20372 (base 10) in base 13?
-9371
Convert e9b (base 15) to base 4.
303200
Convert 2210332 (base 4) to base 14.
3bc2
What is -31303 (base 4) in base 11?
-733
What is 10400 (base 5) in base 7?
2054
-275 (base 15) to base 8
-1060
-6251 (base 8) to base 10
-3241
-a530 (base 11) to base 7
-55444
Convert 46a0 (base 11) to base 7.
23650
Convert 800 (base 10) to base 2.
1100100000
What is -20382 (base 9) in base 10?
-13439
What is 1a70 (base 13) in base 12?
2376
Convert 2568 (base 12) to base 10.
4256
-7223 (base 9) to base 5
-132121
What is -5051 (base 9) in base 4?
-321223
What is -774 (base 11) in base 7?
-2464
What is -24442 (base 9) in base 7?
-65546
8d (base 15) to base 9
157
Convert -2020302 (base 5) to base 16.
-7f41
-100010100 (base 2) to base 7
-543
640 (base 11) to base 6
3322
Convert 110110010111 (base 2) to base 5.
102404
What is -1355 (base 14) in base 7?
-12635
Convert -2b5 (base 16) to base 11.
-580
3433 (base 5) to base 4
13231
What is 7237 (base 8) in base 15?
1198
What is 433 (base 5) in base 14?
86
What is -5231 (base 8) in base 14?
-dbb
5745 (base 9) to base 15
13d8
Convert 10011000 (base 3) to base 14.
b9d
Convert 10343 (base 5) to base 9.
883
Convert -46447 (base 10) to base 13.
-181ab
1001000010 (base 2) to base 6
2402
Convert -21530 (base 6) to base 3.
-11010100
What is -3320 (base 11) in base 15?
-146d
Convert -236 (base 14) to base 11.
-370
21200 (base 3) to base 7
414
Convert 202321 (base 4) to base 13.
102a
What is -b1 (base 14) in base 12?
-10b
What is -643 (base 7) in base 5?
-2300
C